{"id":16,"date":"2025-01-11T10:09:27","date_gmt":"2025-01-11T09:09:27","guid":{"rendered":"http:\/\/zoedelac.com\/?page_id=16"},"modified":"2026-01-08T11:26:12","modified_gmt":"2026-01-08T10:26:12","slug":"contact","status":"publish","type":"page","link":"https:\/\/zoedelac.com\/index.php\/contact\/","title":{"rendered":"\u00e0 propos"},"content":{"rendered":"<div class=\"wp-block-columns is-layout-flex wp-container-core-columns-is-layout-74e2db4f wp-block-columns-is-layout-flex\" style=\"padding-top:0px;padding-right:0px;padding-bottom:0px;padding-left:0px\"><div class=\"wp-block-column is-layout-flow wp-block-column-is-layout-flow\" style=\"flex-basis:33.33%\"><p><strong>Zo\u00e9 Delac<\/strong> commence l\u2019exp\u00e9rimentation de la s\u00e9rigraphie en 2019 \u00e0 <a href=\"https:\/\/www.lantre-atelier.fr\/\">l\u2019Antre Atelier<\/a> \u00e0 Nancy, \u00e0 la fin de ses \u00e9tudes \u00e0 l\u2019\u00e9cole d\u2019architecture. Elle entreprend alors une exp\u00e9rimentation artistique via diff\u00e9rentes techniques, passant de la peinture, au dessin et \u00e0 la linogravure.<\/p>\n\n<p>Elle r\u00e9alise \u00e9galement des collaborations avec des missions de graphismes pour des associations ou des clients priv\u00e9s.<br><br><a href=\"https:\/\/www.instagram.com\/zoe.delac\/?igsh=MW16dnh4emNzNHE3NA%3D%3D&amp;fbclid=IwZXh0bgNhZW0CMTAAAR3Y6E3RV3VSWMrleWm-sHi0F9P6oTRJ6lTs2MLnvckFkDmGe7Hx_YSNqHE_aem_FJWmlv8g_3tmgfMXp1NIFQ\">instagram<\/a><\/p><\/div>\n\n<div class=\"wp-block-column is-layout-flow wp-block-column-is-layout-flow\" style=\"flex-basis:66.66%\"><figure class=\"wp-block-image size-large\"><img loading=\"lazy\" decoding=\"async\" width=\"1024\" height=\"816\" src=\"https:\/\/zoedelac.com\/wp-content\/uploads\/2025\/01\/DSC04842-1024x816.jpg\" alt=\"\" class=\"wp-image-92\" srcset=\"https:\/\/zoedelac.com\/wp-content\/uploads\/2025\/01\/DSC04842-1024x816.jpg 1024w, https:\/\/zoedelac.com\/wp-content\/uploads\/2025\/01\/DSC04842-600x478.jpg 600w, https:\/\/zoedelac.com\/wp-content\/uploads\/2025\/01\/DSC04842-300x239.jpg 300w, https:\/\/zoedelac.com\/wp-content\/uploads\/2025\/01\/DSC04842-768x612.jpg 768w, https:\/\/zoedelac.com\/wp-content\/uploads\/2025\/01\/DSC04842-1536x1224.jpg 1536w, https:\/\/zoedelac.com\/wp-content\/uploads\/2025\/01\/DSC04842-2048x1632.jpg 2048w\" sizes=\"auto, (max-width: 1024px) 100vw, 1024px\" \/><\/figure><\/div><\/div><p><\/p>","protected":false},"excerpt":{"rendered":"<p>Zo\u00e9 Delac commence l\u2019exp\u00e9rimentation de la s\u00e9rigraphie en 2019 \u00e0 l\u2019Antre Atelier \u00e0 Nancy, \u00e0 la fin de ses \u00e9tudes [&hellip;]<\/p>\n","protected":false},"author":1,"featured_media":0,"parent":0,"menu_order":0,"comment_status":"closed","ping_status":"closed","template":"","meta":{"site-sidebar-layout":"default","site-content-layout":"","ast-site-content-layout":"","site-content-style":"default","site-sidebar-style":"default","ast-global-header-display":"","ast-banner-title-visibility":"","ast-main-header-display":"","ast-hfb-above-header-display":"","ast-hfb-below-header-display":"","ast-hfb-mobile-header-display":"","site-post-title":"disabled","ast-breadcrumbs-content":"","ast-featured-img":"","footer-sml-layout":"","theme-transparent-header-meta":"","adv-header-id-meta":"","stick-header-meta":"","header-above-stick-meta":"","header-main-stick-meta":"","header-below-stick-meta":"","astra-migrate-meta-layouts":"default","ast-page-background-enabled":"default","ast-page-background-meta":{"desktop":{"background-color":"var(--ast-global-color-5)","background-image":"","background-repeat":"repeat","background-position":"center center","background-size":"auto","background-attachment":"scroll","background-type":"","background-media":"","overlay-type":"","overlay-color":"","overlay-opacity":"","overlay-gradient":""},"tablet":{"background-color":"","background-image":"","background-repeat":"repeat","background-position":"center center","background-size":"auto","background-attachment":"scroll","background-type":"","background-media":"","overlay-type":"","overlay-color":"","overlay-opacity":"","overlay-gradient":""},"mobile":{"background-color":"","background-image":"","background-repeat":"repeat","background-position":"center center","background-size":"auto","background-attachment":"scroll","background-type":"","background-media":"","overlay-type":"","overlay-color":"","overlay-opacity":"","overlay-gradient":""}},"ast-content-background-meta":{"desktop":{"background-color":"var(--ast-global-color-4)","background-image":"","background-repeat":"repeat","background-position":"center center","background-size":"auto","background-attachment":"scroll","background-type":"","background-media":"","overlay-type":"","overlay-color":"","overlay-opacity":"","overlay-gradient":""},"tablet":{"background-color":"var(--ast-global-color-4)","background-image":"","background-repeat":"repeat","background-position":"center center","background-size":"auto","background-attachment":"scroll","background-type":"","background-media":"","overlay-type":"","overlay-color":"","overlay-opacity":"","overlay-gradient":""},"mobile":{"background-color":"var(--ast-global-color-4)","background-image":"","background-repeat":"repeat","background-position":"center center","background-size":"auto","background-attachment":"scroll","background-type":"","background-media":"","overlay-type":"","overlay-color":"","overlay-opacity":"","overlay-gradient":""}},"footnotes":""},"class_list":["post-16","page","type-page","status-publish","hentry"],"_links":{"self":[{"href":"https:\/\/zoedelac.com\/index.php\/wp-json\/wp\/v2\/pages\/16","targetHints":{"allow":["GET"]}}],"collection":[{"href":"https:\/\/zoedelac.com\/index.php\/wp-json\/wp\/v2\/pages"}],"about":[{"href":"https:\/\/zoedelac.com\/index.php\/wp-json\/wp\/v2\/types\/page"}],"author":[{"embeddable":true,"href":"https:\/\/zoedelac.com\/index.php\/wp-json\/wp\/v2\/users\/1"}],"replies":[{"embeddable":true,"href":"https:\/\/zoedelac.com\/index.php\/wp-json\/wp\/v2\/comments?post=16"}],"version-history":[{"count":14,"href":"https:\/\/zoedelac.com\/index.php\/wp-json\/wp\/v2\/pages\/16\/revisions"}],"predecessor-version":[{"id":988,"href":"https:\/\/zoedelac.com\/index.php\/wp-json\/wp\/v2\/pages\/16\/revisions\/988"}],"wp:attachment":[{"href":"https:\/\/zoedelac.com\/index.php\/wp-json\/wp\/v2\/media?parent=16"}],"curies":[{"name":"wp","href":"https:\/\/api.w.org\/{rel}","templated":true}]}}